and 177.
59
What is the greatest common divisor of 120125 and 124?
31
Calculate the greatest common divisor of 82 and 480602.
82
Calculate the greatest common factor of 78 and 98.
2
Calculate the highest common divisor of 27007 and 31640.
113
Calculate the greatest common factor of 4026 and 172813.
61
What is the highest common divisor of 83277 and 513?
171
What is the greatest common factor of 28 and 9716?
28
What is the highest common factor of 28 and 417802?
14
Calculate the greatest common divisor of 57252 and 20.
4
Calculate the highest common divisor of 427 and 70394.
61
Calculate the highest common divisor of 50999 and 26.
13
Calculate the highest common divisor of 48 and 4592.
16
Calculate the greatest common factor of 1728 and 2768.
16
What is the greatest common factor of 2736 and 170658?
342
Calculate the greatest common divisor of 1551 and 4059.
33
What is the highest common divisor of 729470 and 9520?
1190
Calculate the greatest common divisor of 9424 and 55490.
62
What is the highest common divisor of 47538 and 40926?
114
What is the greatest common divisor of 23240 and 52?
4
Calculate the highest common factor of 372250 and 28291.
1489
Calculate the highest common factor of 83888 and 5292.
196
What is the highest common factor of 1 and 1214981?
1
What is the greatest common factor of 104682 and 11826?
438
What is the highest common factor of 2210 and 2470?
130
Calculate the highest common divisor of 35 and 271278.
7
Calculate the greatest common divisor of 670 and 68608.
134
Calculate the highest common divisor of 273 and 1088178.
273
Calculate the greatest common divisor of 36 and 10326.
6
Calculate the highest common factor of 60 and 1350.
30
What is the highest common factor of 401525 and 25?
25
What is the highest common factor of 16406 and 2626?
26
Calculate the highest common factor of 222503 and 101.
101
What is the highest common divisor of 90938 and 246?
82
What is the highest common factor of 1386 and 11196?
18
Calculate the highest common factor of 11154 and 359294.
338
Calculate the greatest common factor of 9 and 49884.
3
What is the highest common divisor of 46869 and 459?
51
What is the greatest common divisor of 8192 and 41088?
128
Calculate the greatest common factor of 119505 and 1005.
15
Calculate the greatest common factor of 1177680 and 210.
210
What is the greatest common factor of 1651 and 871?
13
Calculate the greatest common divisor of 176 and 602932.
44
What is the greatest common divisor of 1735 and 840781?
347
What is the highest common factor of 770 and 26719?
77
Calculate the highest common factor of 39780 and 1700.
340
What is the greatest common divisor of 7943 and 14476?
47
Calculate the highest common factor of 299992 and 1461.
487
What is the greatest common factor of 1980 and 4710?
30
What is the highest common divisor of 2673 and 768?
3
Calculate the highest common factor of 8 and 228476.
4
Calculate the highest common divisor of 224 and 107632.
112
Calculate the highest common divisor of 520700 and 1312.
164
Calculate the highest common divisor of 1037 and 952.
17
What is the greatest common factor of 4 and 4204?
4
What is the greatest common factor of 42700 and 3660?
1220
Calculate the highest common divisor of 96277 and 43.
43
What is the greatest common divisor of 637 and 216041?
49
Calculate the highest common divisor of 244 and 30317.
61
What is the greatest common divisor of 33618 and 1248?
78
What is the highest common divisor of 55 and 980485?
55
Calculate the greatest common factor of 412 and 688.
4
What is the greatest common factor of 506451 and 1957?
103
Calculate the greatest common factor of 32938 and 4472.
86
Calculate the highest common factor of 88 and 1761804.
44
What is the highest common divisor of 796 and 13731?
199
What is the greatest common factor of 231 and 715197?
21
What is the greatest common divisor of 156 and 442164?
12
What is the highest common divisor of 946 and 428710?
86
What is the highest common divisor of 308 and 52492?
44
Calculate the highest common factor of 1250 and 400.
50
Calculate the highest common divisor of 6272 and 13376.
64
What is the greatest common factor of 221096 and 232?
232
What is the greatest common divisor of 135360 and 198?
18
What is the highest common factor of 5 and 658295?
5
Calculate the greatest common divisor of 6048 and 3672.
216
What is the highest common divisor of 80 and 11465?
5
What is the highest common divisor of 405 and 5901?
3
Calculate the greatest common factor of 46560 and 780.
60
Calculate the greatest common divisor of 16416 and 9424.
304
Calculate the greatest common factor of 209206 and 58.
58
What is the highest common factor of 60 and 4606890?
30
Calculate the greatest common divisor of 566 and 87447.
283
Calculate the highest common factor of 2912 and 322.
14
Calculate the greatest common factor of 92855 and 4169.
379
Calculate the highest common factor of 305631 and 1044.
261
What is the highest common factor of 148087 and 1967?
281
Calculate the greatest common divisor of 901081 and 1385.
277
Calculate the greatest common factor of 2710 and 75609.
271
Calculate the greatest common divisor of 15125 and 79134.
121
Calculate the greatest common factor of 57120 and 24360.
840
Calculate the greatest common divisor of 13641 and 48.
3
Calculate the greatest common divisor of 12529 and 51.
17
What is the greatest common factor of 174250 and 150?
50
What is the highest common divisor of 19488 and 13104?
336
What is the greatest common factor of 420790 and 20?
10
Calculate the greatest common divisor of 90 and 207540.
90
What is the highest common divisor of 9104 and 743114?
1138
Calculate the greatest common divisor of 72158 and 5296.
662
What is the greatest common divisor of 1990 and 53540?
10
What is the greatest common factor of 24 and 456216?
24
Calculate the highest common divisor of 4829 and 10097.
439
Calculate the greatest common divisor of 14471 and 18463.
499
Calculate the highest common factor of 6720930 and 1908.
954
Calculate the highest common factor of 86 and 1020218.
86
What is the greatest common factor of 6272 and 1120?
224
Calculate the highest common divisor of 431 and 302.
1
Calculate the highest common factor of 252 and 29897.
7
What is the greatest common factor of 52 and 13676?
52
Calculate the greatest common factor of 2360 and 1475.
295
What is the highest common factor of 89914 and 366?
122
What is the highest common divisor of 120 and 808760?
40
Calculate the greatest common divisor of 440 and 98065.
55
What is the highest common factor of 5 and 27385?
5
Calculate the highest common factor of 70385 and 700.
35
What is the greatest common divisor of 2769772 and 739?
739
Calculate the greatest common factor of 2630 and 20.
10
Calculate the highest common factor of 20 and 10590.
10
Calculate the greatest common factor of 33 and 7239.
3
What is the greatest common factor of 34 and 2189651?
17
What is the greatest common divisor of 2899 and 35011?
223
Calculate the highest common divisor of 170 and 139910.
170
What is the greatest common factor of 9 and 7128?
9
What is the highest common divisor of 10823 and 34839?
79
What is the greatest common factor of 544 and 2822?
34
Calculate the greatest common divisor of 437 and 245081.
19
What is the highest common factor of 2101 and 52334?
191
What is the greatest common divisor of 494 and 20072?
26
Calculate the highest common factor of 2713611 and 1299.
1299
Calculate the highest common divisor of 10351 and 1.
1
What is the highest common divisor of 106023 and 354?
177
What is the greatest common divisor of 78 and 267462?
78
What is the highest common factor of 36 and 22268?
4
Calculate the greatest common divisor of 1098 and 21573.
9
What is the greatest common factor of 1088 and 226576?
272
What is the greatest common divisor of 835 and 204742?
167
Calculate the highest common factor of 67910 and 10.
10
What is the highest common divisor of 1788 and 516?
12
Calculate the highest common factor of 19703 and 3538.
61
Calculate the highest common factor of 18 and 3913722.
18
What is the greatest common divisor of 24 and 3664632?
24
Calculate the greatest common divisor of 21 and 2660.
7
Calculate the greatest common factor of 49395 and 2136